 common factor of 11 and w.
11
Suppose -216 = -f - 4*o, 4*f = -3*o - 2*o + 908. Calculate the greatest common divisor of 29 and f.
29
Let k(m) = -m**3 - 26*m**2 - 71*m - 32. Let b be k(-23). Let n(f) = 36*f**2 - f. Let v be n(1). Calculate the greatest common factor of b and v.
7
Suppose 2*o = 2*h - 14, 2*o + 18 = 8*h - 4*h. What is the highest common divisor of 154 and h?
2
Let d(a) = a + 14. Let y be d(-5). Let o = -5 + y. What is the greatest common factor of o and 2?
2
Let k = -2 - -2. Let i be (k - 1)/(0 + 1) - -43. What is the highest common factor of 105 and i?
21
Suppose 4*v = 18*l - 17*l - 12, 0 = -4*l + 2*v + 20. What is the highest common factor of 16 and l?
4
Let r(d) = d + 17. Let j(a) be the third derivative of -13*a**4/24 - 5*a**2. Let n be j(1). Let k be r(n). What is the highest common divisor of 4 and k?
4
Let y(o) = -2*o**2 + 5*o**3 + 2 + o**3 - 6 - o**2 + 4*o. Let f be y(2). What is the greatest common factor of f and 8?
8
Let b be 3 + -5 + 2/(-1). Let p be b/(4/(-61)) - -3. Let q be -6*28/21*-1. Calculate the highest common factor of q and p.
8
Suppose 17 + 22 = h. Let g(b) be the third derivative of -7*b**4/24 - 3*b**3/2 - 7*b**2. Let w be g(-5). Calculate the highest common divisor of w and h.
13
Suppose -7*l = 5*g - 3*l - 259, 0 = g - l - 50. Suppose -5*i - 55 = -n + g, -378 = -4*n - 3*i. Calculate the greatest common divisor of n and 12.
12
Let j = -98 - -174. Calculate the highest common divisor of j and 57.
19
Let q(z) = -2*z**2 - 19*z + 156. Let l be q(5). Let c be ((-8)/3 + 2)*-132. Calculate the highest common factor of l and c.
11
Let t be (-5)/(-10)*12/(-3). Let r(k) = -15*k - 3. Let n be r(t). What is the greatest common divisor of 3 and n?
3
Let n(i) = -i - 14. Let p be n(-9). Let q(c) = -c**2 - 8*c + 5. Let z be q(p). Calculate the greatest common divisor of 180 and z.
20
Let o be 2 - -5 - (-3 + 0). Let f be 8/12 + o/3. Suppose c = 2 + f. What is the highest common factor of 24 and c?
6
Suppose -4*i + 2*c + 196 = 0, -40*i + 52 = -39*i - 2*c. Calculate the highest common factor of i and 144.
48
Suppose -111*z - 544 = -143*z. Calculate the greatest common factor of 1717 and z.
17
Let h(r) = -5*r + 7. Let s be h(0). Suppose -s*y + 1518 = 440. Suppose 0 = -2*k + k + 22. What is the greatest common factor of y and k?
22
Let w be 8*5*(-3)/(-30). What is the highest common divisor of w and 36?
4
Suppose -4*v + n - 810 = v, -4*v - 642 = -2*n. Let j = v - -253. Calculate the highest common factor of 10 and j.
10
Suppose 21*o = 4*m + 26*o - 4447, 2*o = -2. What is the greatest common divisor of 7 and m?
7
Let w be 3/9*24/4. Suppose -26 = w*o - 110. What is the highest common factor of o and 14?
14
Suppose -14 = -10*p + 616. Calculate the greatest common divisor of p and 147.
21
Suppose -5*t = -2*t + 2*p - 270, 4*t = -p + 355. Let w be (-3 - -7) + (1 - -3). Calculate the highest common divisor of t and w.
8
Suppose -15*f + 4176 = 14*f. What is the greatest common factor of f and 18?
18
Suppose -4*b - 10 + 40 = -5*w, -5*b - 12 = 2*w. Let i = w + 66. Calculate the highest common divisor of 12 and i.
12
Let j(p) = 2*p**2 - 15*p - 4. Let w be j(8). Suppose 0 = -w*u + u + 120. What is the highest common factor of u and 16?
8
Suppose -4*q = -2*b + 96, -4*q - 272 = -5*b - 2*q. Suppose 6*f - 38 = 46. Calculate the highest common divisor of b and f.
14
Suppose 276 = 5*f - f. Let k = f - 56. What is the highest common factor of k and 1?
1
Suppose 5*i = 788 - 308. Suppose 24*t = 29*t + 115. Let n = 35 + t. Calculate the greatest common factor of n and i.
12
Suppose 23*g - 4*g = 665. What is the greatest common divisor of 35 and g?
35
Let r be (0 + 0)*1/2. Suppose r*h + 55 = h. Let i = h + 8. What is the greatest common factor of 21 and i?
21
Suppose 7*n - 64 = 5*n - 2*k, 0 = -3*k. What is the highest common divisor of 8 and n?
8
Suppose 0 = 4*b + 342 - 3926. Calculate the greatest common divisor of 28 and b.
28
Suppose 3*z - 169 = -43. Suppose z = 2*x - o, -3*o = o - 8. Suppose -u + 2*d = 2*u - x, d + 39 = 5*u. Calculate the greatest common divisor of u and 4.
4
Let n be 6/(-3) + (1 - 5). Let u = 9 + n. Suppose -4 = -2*d - u*c, c + c = 0. Calculate the greatest common divisor of 4 and d.
2
Let r be ((-102)/12)/(-17)*82. Suppose 11 = -2*b + 257. Calculate the highest common divisor of r and b.
41
Suppose -5*x + 7*x = 16. Suppose -s - 3*s = -x. Suppose -100 = -s*b - 2*b. Calculate the greatest common divisor of 50 and b.
25
Let s(h) = h**3 + 13*h**2 + 19*h - 6. Let c be s(-11). Let u(x) = 100*x - 3. Let i be u(3). What is the greatest common divisor of i and c?
27
Let b(s) = s + 1. Let u be b(4). Suppose 25 = 10*p - u*p. Suppose -3*g = 3*a - 57, -2*a = p*g - 0*a - 104. Calculate the greatest common divisor of g and 55.
11
Let u(h) = 5*h**2 + 4*h - 4. Let g be u(-4). Let j = -1930 - -1950. What is the greatest common factor of j and g?
20
Let a be (-1815)/6*8/(-10). Let m(t) = 2*t**3 + 4*t**2 + 3. Let n be m(-5). Let v = a + n. What is the greatest common divisor of v and 19?
19
Let c be 9/1 + (-7)/(-14)*-6. Suppose 0 = 4*j - 19 - 1. Suppose -k + j*y + 65 = 4*y, -k + 3*y = -63. What is the highest common factor of c and k?
6
Let f(n) = -4*n**3 - n**2 + n - 1. Let p be f(1). Let h = 44 + p. Let u = 117 - h. Calculate the highest common divisor of 13 and u.
13
Let a = -22 + 42. Suppose 4*k - a - 62 = -2*n, -4*k = -3*n - 77. Let s be 2/(0 + 4/k). Calculate the greatest common divisor of 25 and s.
5
Suppose -4*p + 147 - 15 = 0. Let l be p - (1 + -3)*-1. Let f be 4 + (7/14)/(2/108). What is the greatest common factor of l and f?
31
Suppose -1104 = -4*r + 4*i, 2*r + 4*i = -217 + 793. Calculate the greatest common factor of r and 112.
56
Let v(l) = -l + 12. Let t = 40 - 29. Let y be v(t). Let s(r) = r**2 - r + 7. Let n be s(0). What is the greatest common factor of n and y?
1
Suppose m + 5*o = -2 - 4, 3*o + 18 = 3*m. Let n = 286 - 277. Suppose m*g = n*g - 30. Calculate the highest common divisor of g and 6.
6
Let r(w) = 6*w - 6. Let i be r(10). Let v(h) = 4*h**2 + 3*h**2 + 18 + 13*h - 6*h**2. Let f be v(-13). What is the highest common divisor of i and f?
18
Suppose -b + 19 = -50. Let j be -1 + b/(-3)*-1. Calculate the highest common divisor of 99 and j.
11
Suppose 5*b - 1 = 6*b, 196 = 4*q - 4*b. What is the greatest common factor of 2256 and q?
48
Suppose 4*t - 72 = 92. Suppose -2*f + t = 17. What is the highest common divisor of f and 72?
12
Let c(p) = -7*p**3 - 3*p**2 - 2*p - 2. Let k be c(-1). Calculate the highest common divisor of 428 and k.
4
Suppose 10*k = k - 18. Let m(v) = -5*v + 1. Let w be m(k). What is the greatest common divisor of 66 and w?
11
Let b = -279 + 333. What is the greatest common divisor of 297 and b?
27
Suppose 0*v = -3*v + 6, 4*s - 42 = v. Suppose a = 6*a - 495. Calculate the greatest common divisor of s and a.
11
Suppose -y + 4*x + 5 = -0*x, 2*y - 24 = x. What is the highest common factor of y and 26?
13
Let j = 2 + -8. Let u be (-3)/j*(0 - -10). Suppose l = -4*y + 102, 0*y = -y - 5*l + 35. Calculate the highest common factor of y and u.
5
Let i = 46 + 0. Let d = 58 - i. What is the greatest common factor of 30 and d?
6
Let d be 35/11 - 2/11. Let t(n) = -n**2 - 9*n**d - 35*n**3 - n**2 + 3*n**2. Let b be t(-1). What is the greatest common divisor of 9 and b?
9
Let b = -203 + 933. Calculate the highest common divisor of b and 20.
10
Suppose 4*d = 3 - 11. Let k be ((d + 4)*2)/2. Let n be 1/((-2)/(-16))*k. Calculate the highest common factor of 40 and n.
8
Let c = -51 - -159. Let h = 197 + -78. Suppose -3*k + h = -97. Calculate the greatest common divisor of c and k.
36
Suppose 6*z - 5*w = z + 30, 5*z = 3*w + 34. Suppose -4*n = -n - 144. Calculate the greatest common divisor of z and n.
8
Suppose -6*d = -1982 - 250. Calculate the greatest common divisor of d and 31.
31
Suppose -6*b = -2*b - 68. Suppose x - b + 10 = 0. Let s(v) = 29*v - 1. Let l be s(1). What is the greatest common factor of l and x?
7
Let c = 55 + -7. Suppose -3*o = -102 - c. Calculate the greatest common divisor of o and 125.
25
Let o(j) = -j**3 + 2*j**2 - 2*j + 6. Let s be o(2). Suppose -s*v - 3*w + 7 = 0, -3*v + 2*w + 10 = 6*w. Calculate the highest common divisor of v and 14.
2
Suppose 0 = -4*x - 1 - 23. Let s = x + 6. Suppose s = -2*d + 20